{"id":698,"date":"2014-11-06T11:36:06","date_gmt":"2014-11-06T11:36:06","guid":{"rendered":"https:\/\/www.himyapinsaat.com\/2020\/?page_id=698"},"modified":"2020-04-06T11:40:22","modified_gmt":"2020-04-06T11:40:22","slug":"konveyor-a-s-orhanli","status":"publish","type":"page","link":"https:\/\/www.himyapinsaat.com\/2020\/tamamlanmis-projelerimiz\/konveyor-a-s-orhanli\/","title":{"rendered":"Konveyor A.\u015e. Orhanl\u0131"},"content":{"rendered":"[vc_row full_width=&#8221;stretch_row&#8221; css=&#8221;.vc_custom_1586099501201{margin-top: -50px !important;background-image: url(https:\/\/www.himyapinsaat.com\/2020\/wp-content\/uploads\/2020\/04\/tamamlanan_projelerde_arka.jpg?id=551) !important;background-position: center !important;background-repeat: no-repeat !important;background-size: cover !important;}&#8221;][vc_column][\/vc_column][vc_column width=&#8221;1\/2&#8243;][vc_custom_heading text=&#8221;Konveyor A.\u015e.&#8221; font_container=&#8221;tag:h4|text_align:left&#8221; google_fonts=&#8221;font_family:Comfortaa%3A300%2Cregular%2C700|font_style:400%20regular%3A400%3Anormal&#8221;][vc_column_text css=&#8221;.vc_custom_1586173086374{margin-top: 50px !important;}&#8221;]\n<div class=\"table-responsive-md\">\n<table class=\"table\">\n<tbody>\n<tr>\n<td style=\"width: 150px;\"><strong style=\"font-size: 12px;\">\u0130\u015fin Ad\u0131<\/strong><\/td>\n<td style=\"height: 35px; padding-bottom: 20px;\">Orhanl\u0131 Fabrika Binas\u0131 Yap\u0131m\u0131<\/td>\n<\/tr>\n<tr>\n<td style=\"width: 150px;\"><strong style=\"font-size: 12px;\">\u0130\u015fin Yeri<\/strong><\/td>\n<td style=\"height: 35px; padding-bottom: 20px;\">\u0130st Deri Org San B\u00f6lgesi<\/td>\n<\/tr>\n<tr>\n<td style=\"width: 150px;\"><strong style=\"font-size: 12px;\">Toplam \u0130n\u015f.Alan\u0131 (m\u00b2)<\/strong><\/td>\n<td style=\"height: 35px;\">7.000<\/td>\n<\/tr>\n<tr>\n<td style=\"width: 150px;\"><strong style=\"font-size: 12px;\">Ba\u015flang\u0131\u00e7 \/ Biti\u015f Y\u0131l\u0131<\/strong><\/td>\n<td style=\"height: 35px;\">2014 \/ 2014<\/td>\n<\/tr>\n<tr>\n<td style=\"width: 150px;\"><strong style=\"font-size: 12px;\">\u0130\u015fin Bedeli<\/strong><\/td>\n<td style=\"height: 35px;\">7.555.834,00 Tl<\/td>\n<\/tr>\n<\/tbody>\n<\/table>\n<div><\/div>\n<\/div>\n[\/vc_column_text][\/vc_column][vc_column width=&#8221;1\/2&#8243;][vc_single_image image=&#8221;701&#8243; img_size=&#8221;400&#215;250&#8243; add_caption=&#8221;yes&#8221; alignment=&#8221;center&#8221; style=&#8221;vc_box_shadow_3d&#8221;][\/vc_column][\/vc_row][vc_row full_width=&#8221;stretch_row&#8221; css=&#8221;.vc_custom_1586100492855{margin-bottom: -50px !important;padding-bottom: 50px !important;background-color: #b5b5b5 !important;background-position: center !important;background-repeat: no-repeat !important;background-size: cover !important;}&#8221;][vc_column][vc_custom_heading text=&#8221;Proje G\u00f6rselleri&#8221; font_container=&#8221;tag:h5|text_align:left&#8221; google_fonts=&#8221;font_family:Comfortaa%3A300%2Cregular%2C700|font_style:400%20regular%3A400%3Anormal&#8221; css=&#8221;.vc_custom_1586100471353{padding-bottom: 30px !important;}&#8221;][vc_media_grid element_width=&#8221;2&#8243; gap=&#8221;10&#8243; grid_id=&#8221;vc_gid:1586173006408-cea80567-62d4-3&#8243; include=&#8221;701,700,703,704,702,707,706,705,713,710,712,711,708,709&#8243;][\/vc_column][\/vc_row]\n","protected":false},"excerpt":{"rendered":"<p>[vc_row full_width=&#8221;stretch_row&#8221; css=&#8221;.vc_custom_1586099501201{margin-top: -50px !important;background-image: url(https:\/\/www.himyapinsaat.com\/2020\/wp-content\/uploads\/2020\/04\/tamamlanan_projelerde_arka.jpg?id=551) !important;background-position: center !important;background-repeat: no-repeat !important;background-size: cover !important;}&#8221;][vc_column][\/vc_column][vc_column width=&#8221;1\/2&#8243;][vc_custom_heading text=&#8221;Konveyor A.\u015e.&#8221; font_container=&#8221;tag:h4|text_align:left&#8221; google_fonts=&#8221;font_family:Comfortaa%3A300%2Cregular%2C700|font_style:400%20regular%3A400%3Anormal&#8221;][vc_column_text css=&#8221;.vc_custom_1586173086374{margin-top: 50px !important;}&#8221;] \u0130\u015fin Ad\u0131 Orhanl\u0131 Fabrika Binas\u0131 Yap\u0131m\u0131 \u0130\u015fin Yeri \u0130st Deri Org San B\u00f6lgesi Toplam \u0130n\u015f.Alan\u0131 (m\u00b2) 7.000 Ba\u015flang\u0131\u00e7 \/ Biti\u015f Y\u0131l\u0131 2014 \/ 2014 \u0130\u015fin Bedeli<\/p>\n","protected":false},"author":1,"featured_media":700,"parent":516,"menu_order":0,"comment_status":"closed","ping_status":"closed","template":"page-FullWidth.php","meta":[],"_links":{"self":[{"href":"https:\/\/www.himyapinsaat.com\/2020\/wp-json\/wp\/v2\/pages\/698"}],"collection":[{"href":"https:\/\/www.himyapinsaat.com\/2020\/wp-json\/wp\/v2\/pages"}],"about":[{"href":"https:\/\/www.himyapinsaat.com\/2020\/wp-json\/wp\/v2\/types\/page"}],"author":[{"embeddable":true,"href":"https:\/\/www.himyapinsaat.com\/2020\/wp-json\/wp\/v2\/users\/1"}],"replies":[{"embeddable":true,"href":"https:\/\/www.himyapinsaat.com\/2020\/wp-json\/wp\/v2\/comments?post=698"}],"version-history":[{"count":3,"href":"https:\/\/www.himyapinsaat.com\/2020\/wp-json\/wp\/v2\/pages\/698\/revisions"}],"predecessor-version":[{"id":715,"href":"https:\/\/www.himyapinsaat.com\/2020\/wp-json\/wp\/v2\/pages\/698\/revisions\/715"}],"up":[{"embeddable":true,"href":"https:\/\/www.himyapinsaat.com\/2020\/wp-json\/wp\/v2\/pages\/516"}],"wp:featuredmedia":[{"embeddable":true,"href":"https:\/\/www.himyapinsaat.com\/2020\/wp-json\/wp\/v2\/media\/700"}],"wp:attachment":[{"href":"https:\/\/www.himyapinsaat.com\/2020\/wp-json\/wp\/v2\/media?parent=698"}],"curies":[{"name":"wp","href":"https:\/\/api.w.org\/{rel}","templated":true}]}}