{"id":296,"date":"2016-07-22T14:14:44","date_gmt":"2016-07-22T14:14:44","guid":{"rendered":"http:\/\/udesigntheme.com\/demos-for-export\/ubuild\/?page_id=8"},"modified":"2021-11-23T13:51:48","modified_gmt":"2021-11-23T13:51:48","slug":"hizmetlerimiz","status":"publish","type":"page","link":"https:\/\/www.himyapinsaat.com\/2020\/hizmetlerimiz\/","title":{"rendered":"Hizmetlerimiz"},"content":{"rendered":"[vc_row full_width=&#8221;stretch_row&#8221; css=&#8221;.vc_custom_1586080163800{margin-top: -50px !important;padding-bottom: 50px !important;background-image: url(https:\/\/www.himyapinsaat.com\/2020\/wp-content\/uploads\/2020\/04\/hizmetler_arka.jpg?id=450) !important;background-position: center !important;background-repeat: no-repeat !important;background-size: cover !important;}&#8221;][vc_column][vc_column_text]\n<h3>\u00dcretim s\u00fcrecinizi desteklemek, i\u015f ak\u0131\u015f\u0131n\u0131z\u0131 kolayla\u015ft\u0131rmak,<br \/>\nkapasitenizi en \u00fcst d\u00fczeye \u00e7\u0131karmak i\u00e7in biz haz\u0131r\u0131z&#8230;<\/h3>\n[\/vc_column_text][vc_separator][vc_row_inner][vc_column_inner width=&#8221;2\/3&#8243;][vc_column_text]End\u00fcstriyel tesisiniz, \u00fcretken alan\u0131n\u0131z\u0131 en \u00fcst d\u00fczeye \u00e7\u0131kar\u0131rken malzeme ve makine ak\u0131\u015f\u0131n\u0131 y\u00f6nlendirmeye yard\u0131mc\u0131 olarak operasyonlar\u0131n\u0131z\u0131 desteklemelidir.\u00a0HimYap \u0130n\u015faat&#8217;ta, s\u00fcrecimiz\u00a0 tesisinizi nas\u0131l kullanmak istedi\u011finizi en iyi \u015fekilde anlamak i\u00e7in sizi dinlemeyle ba\u015flar. Daha sonra tesisinizi, operasyonunuzu desteklemek i\u00e7in \u00f6zel olarak tasarl\u0131yor ve in\u015fa ediyoruz.\u00a0\u00dcretim ve imalattan lojistik ve da\u011f\u0131t\u0131ma kadar, a\u015fa\u011f\u0131dakiler de dahil olmak \u00fczere \u00e7e\u015fitli sistem ve s\u00fcre\u00e7leri destekleyen bina tesislerinde uzmanla\u015ft\u0131k:<\/p>\n<ul>\n<li>Tam \u00f6l\u00e7ekli \u00fcretim hatlar\u0131<\/li>\n<li>A\u011f\u0131r makine<\/li>\n<li>Hammadde i\u015fleme<\/li>\n<li>Robotik KIVA sistemleri<\/li>\n<li>Otomatik Depolama ve Eri\u015fim Sistemleri (AS \/ RS)<\/li>\n<li>Toplama b\u00f6lmeli yer, duvar ve \u00e7at\u0131 destekli konvey\u00f6r sistemleri<\/li>\n<\/ul>\n<p>Fabrika in\u015faat\u0131 ve yap\u0131lar\u0131 s\u00f6z konusu oldu\u011funda, sizin i\u00e7in en iyisini planl\u0131yoruz. Klasik tu\u011fla ve har\u00e7 binalar\u0131na ek olarak, bir dizi malzeme, teknoloji ve proje yakla\u015f\u0131m\u0131 kullanarak en karma\u015f\u0131k end\u00fcstriyel in\u015faat tesislerini teslim ettik.\u00a0G\u00fcn\u00fcn sonunda, m\u00fc\u015fterilerimizin en iyi yapt\u0131klar\u0131n\u0131 yapabilmeleri i\u00e7in tesislerimizin ger\u00e7ekle\u015ftirmesi gerekiyor.[\/vc_column_text][\/vc_column_inner][vc_column_inner width=&#8221;1\/3&#8243;][vc_single_image image=&#8221;782&#8243; img_size=&#8221;full&#8221;][\/vc_column_inner][\/vc_row_inner][vc_row_inner][vc_column_inner width=&#8221;1\/3&#8243;][vc_single_image image=&#8221;376&#8243; img_size=&#8221;full&#8221; css_animation=&#8221;bottom-to-top&#8221; css=&#8221;.vc_custom_1586079988000{margin-top: 30px !important;}&#8221;][\/vc_column_inner][vc_column_inner width=&#8221;1\/3&#8243;][vc_column_text css_animation=&#8221;bottom-to-top&#8221; css=&#8221;.vc_custom_1586081097257{margin-top: 30px !important;}&#8221;]\n<div>\n<h4>Ana hatlar\u0131 ile hizmetlerimiz<\/h4>\n<\/div>\n<div style=\"margin-left: 10px; margin-bottom: 15px; margin-top: 15px; line-height: 1.8;\"><i class=\"fa fa-check-square-o\" style=\"color: #ffd501; margin-right: 10px;\"><\/i>Anahtar Teslim Sanayi Binalar\u0131<br \/>\n<i class=\"fa fa-check-square-o\" style=\"color: #ffd501; margin-right: 10px;\"><\/i>Ofis ve Showroomlar<br \/>\n<i class=\"fa fa-check-square-o\" style=\"color: #ffd501; margin-right: 10px;\"><\/i>Hangarlar, Saha D\u00fczenlemesi<br \/>\n<i class=\"fa fa-check-square-o\" style=\"color: #ffd501; margin-right: 10px;\"><\/i>Altyap\u0131 \u0130n\u015faatlar\u0131<br \/>\n<i class=\"fa fa-check-square-o\" style=\"color: #ffd501; margin-right: 10px;\"><\/i>Konut ve Sosyal Tesis \u0130n\u015faatlar\u0131<\/div>\n[\/vc_column_text][\/vc_column_inner][vc_column_inner width=&#8221;1\/3&#8243;][vc_column_text css_animation=&#8221;bottom-to-top&#8221; css=&#8221;.vc_custom_1586254838179{margin-top: 30px !important;}&#8221;]\n<div>\n<h4>&#8230;<\/h4>\n<\/div>\n<div style=\"margin-left: 10px; margin-bottom: 15px; margin-top: 15px; line-height: 1.8;\"><i class=\"fa fa-check-square-o\" style=\"color: #ffd501; margin-right: 10px;\"><\/i>Depolar ve Lojistik Tesisler<br \/>\n<i class=\"fa fa-check-square-o\" style=\"color: #ffd501; margin-right: 10px;\"><\/i>Sanat Yap\u0131lar\u0131 \u0130n\u015faatlar\u0131<br \/>\n<i class=\"fa fa-check-square-o\" style=\"color: #ffd501; margin-right: 10px;\"><\/i>Boru Hatt\u0131 Proje Uygulamalar\u0131<br \/>\n<i class=\"fa fa-check-square-o\" style=\"color: #ffd501; margin-right: 10px;\"><\/i>Hafriyat ve Dakapaj \u0130\u015fleri<br \/>\n<i class=\"fa fa-check-square-o\" style=\"color: #ffd501; margin-right: 10px;\"><\/i>Otoyol ve Karayolu \u0130n\u015faatlar\u0131<\/div>\n[\/vc_column_text][\/vc_column_inner][\/vc_row_inner][\/vc_column][\/vc_row][vc_row full_width=&#8221;stretch_row&#8221; css=&#8221;.vc_custom_1586085234815{padding-bottom: 35px !important;background: #f9f9f9 url(https:\/\/www.himyapinsaat.com\/2020\/wp-content\/uploads\/2020\/04\/hizmetler_arka_2.jpg?id=477) !important;background-position: 0 0 !important;background-repeat: no-repeat !important;}&#8221;][vc_column width=&#8221;5\/6&#8243;][vc_column_text]\n<h3 class=\"first-h3\">Sadece fabrika de\u011fil, \u00d6n b\u00fcro da in\u015fa ediyoruz!<\/h3>\n[\/vc_column_text][vc_column_text]Bir\u00e7ok end\u00fcstriyel tesis, operasyonlar\u0131 y\u00f6netmek, sipari\u015fleri yerine getirmek ve m\u00fc\u015fteri sorunlar\u0131n\u0131 \u00e7\u00f6zmek i\u00e7in iyi organize edilmi\u015f, iyi planlanm\u0131\u015f bir \u00f6n ofise ihtiya\u00e7 duyar.<\/p>\n<p>\u00dclkemizin \u00f6nemli \u015firketlerinden baz\u0131lar\u0131n\u0131n ofis ve showroomlar\u0131n\u0131 da profesyonel bir tasar\u0131mla in\u015fa etmenin gururunu da ya\u015f\u0131yoruz.[\/vc_column_text][\/vc_column][vc_column width=&#8221;1\/6&#8243;][\/vc_column][\/vc_row][vc_row full_width=&#8221;stretch_row&#8221; css=&#8221;.vc_custom_1586085276021{margin-bottom: -40px !important;background-color: #ffc200 !important;}&#8221;][vc_column width=&#8221;5\/6&#8243; css=&#8221;.vc_custom_1469199173623{padding-top: 15px !important;padding-bottom: 15px !important;}&#8221;][vc_single_image image=&#8221;815&#8243; img_size=&#8221;full&#8221; alignment=&#8221;right&#8221;][\/vc_column][vc_column width=&#8221;1\/6&#8243;][vc_btn title=&#8221;PDF Bro\u015f\u00fcr&#8221; color=&#8221;black&#8221; align=&#8221;center&#8221; link=&#8221;url:https%3A%2F%2Fdrive.google.com%2Ffile%2Fd%2F1k9EHxmRIkVCE1tE1RRAdxYJzOzNOZyZ5%2Fview%3Fusp%3Dsharing||target:%20_blank|&#8221;][\/vc_column][\/vc_row]\n","protected":false},"excerpt":{"rendered":"<p>[vc_row full_width=&#8221;stretch_row&#8221; css=&#8221;.vc_custom_1586080163800{margin-top: -50px !important;padding-bottom: 50px !important;background-image: url(https:\/\/www.himyapinsaat.com\/2020\/wp-content\/uploads\/2020\/04\/hizmetler_arka.jpg?id=450) !important;background-position: center !important;background-repeat: no-repeat !important;background-size: cover !important;}&#8221;][vc_column][vc_column_text] \u00dcretim s\u00fcrecinizi desteklemek, i\u015f ak\u0131\u015f\u0131n\u0131z\u0131 kolayla\u015ft\u0131rmak, kapasitenizi en \u00fcst d\u00fczeye \u00e7\u0131karmak i\u00e7in biz haz\u0131r\u0131z&#8230; [\/vc_column_text][vc_separator][vc_row_inner][vc_column_inner width=&#8221;2\/3&#8243;][vc_column_text]End\u00fcstriyel tesisiniz, \u00fcretken alan\u0131n\u0131z\u0131 en \u00fcst d\u00fczeye \u00e7\u0131kar\u0131rken malzeme ve makine ak\u0131\u015f\u0131n\u0131 y\u00f6nlendirmeye yard\u0131mc\u0131 olarak operasyonlar\u0131n\u0131z\u0131 desteklemelidir.\u00a0HimYap<\/p>\n","protected":false},"author":1,"featured_media":0,"parent":0,"menu_order":0,"comment_status":"closed","ping_status":"closed","template":"page-FullWidth.php","meta":[],"_links":{"self":[{"href":"https:\/\/www.himyapinsaat.com\/2020\/wp-json\/wp\/v2\/pages\/296"}],"collection":[{"href":"https:\/\/www.himyapinsaat.com\/2020\/wp-json\/wp\/v2\/pages"}],"about":[{"href":"https:\/\/www.himyapinsaat.com\/2020\/wp-json\/wp\/v2\/types\/page"}],"author":[{"embeddable":true,"href":"https:\/\/www.himyapinsaat.com\/2020\/wp-json\/wp\/v2\/users\/1"}],"replies":[{"embeddable":true,"href":"https:\/\/www.himyapinsaat.com\/2020\/wp-json\/wp\/v2\/comments?post=296"}],"version-history":[{"count":43,"href":"https:\/\/www.himyapinsaat.com\/2020\/wp-json\/wp\/v2\/pages\/296\/revisions"}],"predecessor-version":[{"id":835,"href":"https:\/\/www.himyapinsaat.com\/2020\/wp-json\/wp\/v2\/pages\/296\/revisions\/835"}],"wp:attachment":[{"href":"https:\/\/www.himyapinsaat.com\/2020\/wp-json\/wp\/v2\/media?parent=296"}],"curies":[{"name":"wp","href":"https:\/\/api.w.org\/{rel}","templated":true}]}}